08 (base 12) to base 16.
1d48
Convert 110111001011 (base 2) to base 14.
1403
Convert -7155 (base 8) to base 13.
-18b1
1011010101 (base 2) to base 4
23111
Convert -1063 (base 10) to base 14.
-55d
What is -2032310 (base 4) in base 6?
-110152
Convert 10 (base 14) to base 12.
12
1a2 (base 16) to base 10
418
What is 10011 (base 3) in base 4?
1111
What is -114 (base 9) in base 4?
-1132
254 (base 16) to base 10
596
1404035 (base 6) to base 9
128785
What is -359 (base 15) in base 6?
-3303
Convert 1501 (base 9) to base 11.
942
-165 (base 14) to base 16
-11d
What is -36 (base 8) in base 13?
-24
Convert ba9a (base 13) to base 9.
38571
What is 284 (base 13) in base 6?
2022
What is 351340 (base 7) in base 11?
43322
What is -1a67 (base 12) in base 15?
-e67
b331 (base 16) to base 15
d8d3
What is -34616 (base 8) in base 6?
-152114
70133 (base 8) to base 15
87c8
What is -203 (base 8) in base 4?
-2003
1061 (base 9) to base 11
653
-4326 (base 7) to base 8
-3003
What is -8a86 (base 11) in base 2?
-10111010110000
What is -3594 (base 10) in base 14?
-144a
4b2b (base 15) to base 8
37220
Convert 1110303 (base 4) to base 13.
2616
Convert 2623 (base 11) to base 13.
1727
Convert -2011101 (base 5) to base 9.
-47834
Convert -8716 (base 13) to base 14.
-6bb4
What is 2cbb (base 16) in base 12?
6763
Convert -31872 (base 9) to base 14.
-79ad
-220002121 (base 3) to base 7
-102133
What is aa12 (base 11) in base 2?
11100011000101
What is -3136 (base 10) in base 12?
-1994
Convert -10131 (base 7) to base 11.
-1948
-8127 (base 14) to base 3
-1010102121
4617 (base 11) to base 5
143233
What is -232214 (base 6) in base 12?
-b66a
Convert -1021112 (base 3) to base 8.
-1644
What is 21 (base 15) in base 9?
34
-30020 (base 4) to base 10
-776
Convert -2513 (base 6) to base 11.
-515
What is 1101 (base 7) in base 4?
12021
What is -112251 (base 7) in base 13?
-9168
212210210 (base 3) to base 5
1023410
What is b0c (base 15) in base 2?
100110110111
Convert -1597 (base 15) to base 4.
-1020202
What is 528 (base 15) in base 16?
48b
-2022323 (base 4) to base 5
-241031
What is -3300 (base 4) in base 10?
-240
Convert 16262 (base 10) to base 15.
4c42
Convert -849 (base 12) to base 10.
-1209
Convert -5513 (base 6) to base 13.
-768
What is -22221222 (base 3) in base 13?
-2c87
-23d4 (base 15) to base 16
-1dc8
What is 216521 (base 7) in base 15?
b558
What is 1583 (base 9) in base 14?
625
What is 1012230 (base 4) in base 11?
3443
What is -314 (base 11) in base 5?
-3003
Convert 10121112 (base 3) to base 14.
d61
-5bb (base 13) to base 4
-33213
Convert 195 (base 15) to base 7.
1031
What is b6 (base 15) in base 16?
ab
14443 (base 5) to base 9
1636
What is -1895 (base 15) in base 14?
-1d19
What is 1764 (base 10) in base 6?
12100
What is 1432 (base 5) in base 2?
11110010
Convert 1331020 (base 4) to base 16.
1f48
Convert -10302300 (base 4) to base 3.
-222221010
What is 10011000011001 (base 2) in base 12?
5789
Convert -212202 (base 3) to base 11.
-533
What is 237 (base 11) in base 10?
282
Convert -23a2a (base 12) to base 4.
-23300002
-3a0 (base 14) to base 6
-3212
Convert -4232 (base 5) to base 13.
-348
Convert 157 (base 10) to base 9.
184
Convert 755 (base 9) to base 5.
4432
Convert 21ba (base 14) to base 3.
22000121
What is -21303 (base 4) in base 11?
-520
Convert 7b0 (base 16) to base 14.
a08
-2010220 (base 3) to base 12
-aa3
-20403 (base 7) to base 16
-1389
What is -1330 (base 6) in base 3?
-110200
525 (base 6) to base 5
1242
-102102 (base 3) to base 2
-100110100
What is 10210211110 (base 3) in base 5?
4344324
What is -559 (base 15) in base 9?
-1583
-5743 (base 13) to base 8
-27677
Convert 15235 (base 6) to base 7.
10130
What is 310143 (base 5) in base 7?
41203
What is 525 (base 10) in base 8?
1015
10111001100101 (base 2) to base 7
46425
Convert -101017 (base 8) to base 13.
-12202
What is -404343 (base 6) in base 13?
-117c6
Convert -2033 (base 5) to base 9.
-327
What is 2cf (base 16) in base 14?
395
Convert 7e (base 16) to base 8.
176
What is 11010010000011 (base 2) in base 6?
142123
What is -e242 (base 15) in base 13?
-18980
Convert 1360 (base 8) to base 2.
1011110000
What is -103433 (base 7) in base 14?
-681a
What is 403 (base 5) in base 11?
94
Convert 485 (base 10) to base 16.
1e5
What is 111201 (base 3) in base 14?
1c6
132333 (base 4) to base 11
1543
What is -19a (base 12) in base 2?
-100000110
What is -11c70 (base 16) in base 14?
-1c772
What is 32020 (base 8) in base 11?
a017
10bd (base 15) to base 6
24241
What is -15727 (base 8) in base 3?
-100202222
What is 20 (base 11) in base 7?
31
Convert 8718 (base 10) to base 7.
34263
-842 (base 15) to base 6
-12342
-36133 (base 8) to base 15
-48a1
What is 525225 (base 6) in base 11?
2a045
What is -13c (base 15) in base 5?
-2112
Convert 19c (base 13) to base 3.
102001
Convert -7cc8 (base 15) to base 5.
-1322023
Convert -3000134 (base 5) to base 2.
-1011011101000111
Convert 1000000 (base 2) to base 10.
64
What is -435 (base 8) in base 12?
-1b9
What is 3014 (base 8) in base 2?
11000001100
Convert -153 (base 13) to base 5.
-1422
What is -30749 (base 10) in base 12?
-15965
500b (base 14) to base 2
11010110100011
24c (base 13) to base 5
3102
4335 (base 7) to base 15
6d0
4c47 (base 15) to base 4
3332023
-1200012 (base 3) to base 9
-1605
Convert 22114 (base 7) to base 5.
134143
What is 19619 (base 11) in base 2?
110101011100110
153 (base 12) to base 10
207
What is -37c2 (base 14) in base 3?
-111102000
What is -6043 (base 14) in base 9?
-24588
1111010001 (base 2) to base 4
33101
What is 35611 (base 9) in base 3?
1012200101
-1098 (base 11) to base 6
-10354
What is -22850 (base 10) in base 7?
-123422
Convert 2207 (base 11) to base 4.
231133
What is 1432434 (base 5) in base 16?
76a1
Convert 38930 (base 11) to base 5.
3240233
What is 3442 (base 5) in base 11?
412
132221 (base 4) to base 9
2618
Convert 1252 (base 8) to base 12.
48a
Convert -103031 (base 5) to base 3.
-11211020
What is -4362 (base 7) in base 12?
-aa3
22633 (base 7) to base 14
218a
2725 (base 8) to base 2
10111010101
Convert -5fdb (base 16) to base 3.
-1020122212
-6637 (base 16) to base 9
-38804
What is -33 (base 12) in base 3?
-1110
-1969 (base 12) to base 14
-11bb
Convert -20433 (base 8) to base 13.
-3b1c
What is -415 (base 8) in base 9?
-328
What is 431 (base 10) in base 6?
1555
Convert -9032 (base 12) to base 3.
-210101102
27774 (base 8) to base 2
10111111111100
146461 (base 8) to base 3
2200001112
Convert -140331 (base 7) to base 11.
-18a74
Convert 48d (base 15) to base 3.
1102021
102120 (base 4) to base 2
10010011000
-81f (base 16) to base 13
-c3c
Convert -1130 (base 7) to base 11.
-346
Convert -11011111101 (base 2) to base 4.
-123331
What is -20121102 (base 3) in base 9?
-6542
Convert 31024 (base 5) to base 6.
13154
-301133 (base 4) to base 5
-100132
Convert -114635 (base 8) to base 9.
-58844
What is -38b3 (base 15) in base 13?
-5673
Convert -1010111010001101 (base 2) to base 5.
-2412220
1020 (base 4) to base 14
52
6999 (base 10) to base 6
52223
Convert 2032 (base 4) to base 16.
8e
What is 110110101000 (base 2) in base 9?
4714
Convert -46521 (base 9) to base 6.
-355414
Convert 553 (base 7) to base 13.
18a
Convert 120201 (base 4) to base 8.
3041
445 (base 13) to base 15
33d
Convert -1057 (base 14) to base 15.
-c81
Convert -1754 (base 8) to base 14.
-51a
Convert -120102000 (base 3) to base 10.
-11232
What is -3141 (base 8) in base 15?
-73d
What is -3c7 (base 14) in base 15?
-35d
Convert 34443 (base 6) to base 2.
1001100111011
-c20 (base 13) to base 11
-15a8
-193 (base 10) to base 8
-301
What is -261 (base 16) in base 13?
-37b
Convert -241144 (base 5) to base 16.
-22dc
What is -10200010 (base 3) in base 6?
-20220
-21920 (base 10) to base 2
-101010110100000
Convert -498 (base 10) to base 12.
-356
-12704 (base 9) to base 12
-4b7a
-11c6c (base 14) to base 16
-aa58
What is 12303100 (base 4) in base 11?
19a24
Convert -2544 (base 6) to base 14.
-33a
What is 102a (base 12) in base 8?
3342
Convert -278b (base 12) to base 15.
-154b
-a486 (base 15) to base 11
-24145
48b (base 15) to base 9
1365
What is 2ec (base 16) in base 9?
1021
What is a290 (base 12) in base 5?
1031201
Convert 10101001110111111 (base 2) to base 6.
1510355
Convert 663 (base 13) to base 2.
10001000111
What is -2797 (base 10) in base 11?
-2113
101